atest common divisor of 100 and 579225.
25
What is the greatest common factor of 8360 and 323?
19
Calculate the greatest common factor of 1341 and 1192.
149
Calculate the greatest common divisor of 3367185 and 1110.
555
Calculate the highest common factor of 232776 and 9.
9
Calculate the greatest common divisor of 370652 and 228.
76
Calculate the highest common divisor of 118293 and 1806.
903
Calculate the greatest common divisor of 448 and 23576.
56
What is the greatest common factor of 80 and 48460?
20
What is the greatest common divisor of 1246131 and 81?
27
Calculate the greatest common divisor of 1002 and 2850189.
501
Calculate the greatest common divisor of 1745658 and 18.
18
What is the highest common factor of 1788 and 660?
12
Calculate the highest common factor of 11 and 275077.
11
Calculate the highest common divisor of 15 and 148895.
5
Calculate the highest common divisor of 3886261 and 3364.
841
Calculate the greatest common divisor of 105 and 123501.
21
Calculate the greatest common factor of 27 and 753.
3
Calculate the greatest common divisor of 3171 and 4914.
21
Calculate the highest common factor of 17646 and 782.
34
What is the highest common factor of 165 and 10835?
55
What is the greatest common factor of 3451299 and 537?
537
What is the greatest common divisor of 34284 and 684?
12
What is the highest common divisor of 2985952 and 2?
2
Calculate the greatest common divisor of 384648 and 187.
11
Calculate the highest common factor of 17395 and 64435.
245
What is the greatest common factor of 9555 and 588?
147
What is the highest common divisor of 3701354 and 1158?
386
What is the highest common divisor of 3679 and 1549708?
283
What is the greatest common factor of 6924 and 48?
12
What is the greatest common divisor of 82 and 326?
2
What is the greatest common divisor of 538188 and 298?
298
Calculate the highest common divisor of 5144 and 1016.
8
Calculate the highest common factor of 2546 and 3800.
38
Calculate the highest common factor of 86 and 114122.
86
What is the greatest common factor of 1029 and 29253?
147
What is the highest common factor of 161194 and 119?
17
What is the highest common factor of 335 and 171520?
335
What is the greatest common divisor of 55 and 294767?
11
What is the highest common divisor of 848 and 912?
16
What is the highest common factor of 2403 and 10502?
89
What is the greatest common factor of 34 and 8098?
2
Calculate the highest common factor of 6561 and 108.
27
What is the highest common factor of 700 and 6034?
14
What is the greatest common factor of 28 and 6639276?
28
What is the highest common factor of 1425 and 68925?
75
What is the greatest common divisor of 443178 and 2830?
566
What is the highest common divisor of 654 and 24?
6
What is the greatest common divisor of 534 and 474?
6
What is the highest common factor of 1488 and 25872?
48
What is the highest common factor of 574 and 218366?
82
What is the highest common divisor of 367082 and 1450?
58
Calculate the highest common factor of 495374 and 363.
121
What is the greatest common divisor of 8289 and 27937?
307
What is the greatest common factor of 266312 and 16?
8
What is the greatest common divisor of 1431 and 43831?
53
What is the greatest common factor of 3 and 383556?
3
Calculate the greatest common divisor of 3159 and 237393.
117
Calculate the highest common factor of 328344 and 48.
24
Calculate the greatest common divisor of 214 and 179546.
214
Calculate the greatest common factor of 35 and 4732280.
35
What is the highest common divisor of 1837346 and 1295?
259
Calculate the greatest common factor of 114120 and 150.
30
What is the greatest common factor of 335 and 730?
5
What is the greatest common factor of 9804 and 36?
12
What is the highest common factor of 285 and 20121?
57
What is the highest common divisor of 2772 and 4356?
396
What is the highest common divisor of 46056 and 1032?
24
Calculate the highest common divisor of 644 and 11707.
23
Calculate the highest common divisor of 39 and 33021.
3
What is the highest common divisor of 18544 and 532?
76
Calculate the greatest common factor of 36 and 17757.
9
Calculate the greatest common divisor of 472966 and 52.
26
Calculate the highest common factor of 687 and 949434.
687
Calculate the highest common divisor of 741564 and 36.
36
Calculate the highest common divisor of 500320 and 9145.
295
What is the greatest common divisor of 57 and 215251?
19
Calculate the greatest common factor of 2104 and 244.
4
What is the highest common divisor of 18542 and 146?
146
Calculate the greatest common factor of 715648 and 896.
128
Calculate the highest common factor of 252288 and 108.
108
Calculate the highest common divisor of 481 and 1147.
37
What is the greatest common divisor of 66094 and 84?
14
What is the highest common divisor of 2523264 and 144?
48
What is the greatest common divisor of 123353 and 842?
421
What is the highest common divisor of 15768 and 2190?
438
Calculate the highest common divisor of 1055623 and 397.
397
What is the highest common divisor of 1117135 and 599?
599
What is the highest common factor of 136431 and 2282?
163
What is the highest common divisor of 1833 and 41613?
39
Calculate the greatest common factor of 135 and 9261.
27
What is the greatest common factor of 10 and 9835?
5
What is the greatest common factor of 375182 and 298?
298
What is the greatest common factor of 102 and 213945?
51
Calculate the greatest common factor of 29618 and 6526.
502
Calculate the highest common factor of 478 and 666.
2
What is the greatest common factor of 2516 and 3859?
17
Calculate the highest common divisor of 3198 and 50388.
78
What is the highest common factor of 62328 and 30104?
424
Calculate the highest common factor of 1231719 and 276.
69
Calculate the greatest common factor of 1016 and 3112.
8
Calculate the greatest common divisor of 1092264 and 39192.
1704
What is the greatest common divisor of 8 and 298088?
8
What is the greatest common divisor of 3900 and 925?
25
Calculate the highest common factor of 61810 and 490.
70
Calculate the greatest common divisor of 37191 and 69.
69
What is the greatest common divisor of 969 and 77877?
51
Calculate the highest common factor of 100 and 193580.
20
Calculate the greatest common divisor of 94653 and 117.
117
What is the greatest common factor of 1960 and 40?
40
What is the highest common divisor of 51037 and 3703?
161
Calculate the greatest common factor of 1425 and 282435.
285
What is the highest common divisor of 2206485 and 45?
45
What is the highest common factor of 3 and 271533?
3
What is the greatest common divisor of 285 and 123861?
57
What is the greatest common factor of 7576786 and 518?
518
What is the highest common divisor of 245676 and 12?
12
Calculate the greatest common factor of 20313 and 1143.
9
What is the greatest common factor of 13770 and 40500?
810
What is the highest common divisor of 280 and 348845?
35
What is the highest common factor of 50 and 182675?
25
What is the greatest common divisor of 1109423 and 21?
7
What is the greatest common factor of 676 and 68406?
26
Calculate the highest common divisor of 55 and 35925.
5
Calculate the highest common divisor of 43 and 269524.
43
What is the highest common divisor of 988 and 767182?
494
Calculate the highest common factor of 1098 and 234.
18
Calculate the greatest common divisor of 129 and 35260.
43
What is the highest common factor of 4585 and 5?
5
What is the greatest common divisor of 1125 and 47500?
125
What is the greatest common factor of 2352 and 10056?
24
Calculate the greatest common factor of 4142 and 2242.
38
What is the greatest common divisor of 699 and 61046?
233
Calculate the highest common factor of 461591 and 26.
13
Calculate the highest common divisor of 27348 and 3440.
172
Calculate the greatest common factor of 5220 and 864.
36
Calculate the highest common factor of 168 and 6016.
8
What is the highest common factor of 12 and 4647?
3
Calculate the highest common factor of 1564 and 833.
17
Calculate the greatest common divisor of 136 and 3298.
34
Calculate the highest common factor of 194567 and 1236.
103
Calculate the greatest common divisor of 1654824 and 120.
24
What is the greatest common factor of 20 and 13836?
4
What is 